e 156 - 676 = -4*y. Let d be (-104)/(-65)*y/4. Let i = d - 23. What is the tens digit of i?
2
Let m(b) = b**3 + 8*b**2 + 6*b + 7. Let x(r) = -r**2 + 4*r - 6. Let g be x(0). What is the units digit of m(g)?
3
What is the tens digit of (5/((-15)/(-12351)))/1?
1
Suppose -324*y + 306*y + 46854 = 0. What is the units digit of y?
3
Suppose p - 130 = -b, -2*b - p = 2*p - 255. Suppose 0 = -9*d + 4*d + b. What is the tens digit of d?
2
Let a = -7 - -18. Suppose a*i - 8*i = 12. Suppose -i*f = -8*f + 112. What is the tens digit of f?
2
Let l = 231 - -31. What is the hundreds digit of l?
2
Let s(l) = l**2 - 6*l + 9. Let r be s(5). Suppose 3*g = 3*x + 16 - 7, 3*x + 14 = r*g. Let i = x + 36. What is the tens digit of i?
3
Let v = -795 + 1434. What is the tens digit of v?
3
Let q(k) = k**3 + 29*k**2 - 30*k - 16. Let r be q(-30). Suppose 5*a + 0*o + o = -25, -2*o = 10. Let h = a - r. What is the tens digit of h?
1
What is the units digit of (-4 + (-12252)/6)*(-1)/3?
2
Let c(q) = 5*q - 18. Let w be c(3). What is the units digit of ((-4)/w)/(14/399)?
8
Let y be 1*19 + 60/15. Let n = y + -7. What is the tens digit of n?
1
Suppose 2*u - i = 5737, -3*u - 2*i = -8*u + 14345. What is the hundreds digit of u?
8
What is the hundreds digit of 1*537 + 10/(-65)*-13?
5
Let a be 4/1*14/(-14). Let y(l) = -3*l**3 - 3*l**2 + 3*l - 1. What is the tens digit of y(a)?
3
Let q(s) = 56*s - 20. Let i be q(5). Suppose -4*t = 3*o - 284, i = 5*t - 4*o - 95. What is the tens digit of t?
7
Let n(c) be the third derivative of -c**4/24 + 7*c**3/2 - 44*c**2. What is the units digit of n(5)?
6
Suppose -141*z = -147*z + 894. What is the units digit of z?
9
Let m = 1447 - 962. Suppose 945 = 4*y + q, -2*y + m = 2*q + q. Suppose g + y = 6*g. What is the units digit of g?
7
Let j = 187 - 24. What is the units digit of j?
3
Let s be (-2)/(-4) + 594/4. Let i = -595 + 505. Let x = i + s. What is the units digit of x?
9
Let m be 14283/(-24) - 1/(-8). Let h = 836 + m. What is the units digit of h?
1
Let h(m) = -13 - 16 - 4*m + 19. What is the units digit of h(-6)?
4
Suppose -36 = -2*f - 28. Suppose 0*k = f*k - 208. What is the units digit of k?
2
Let s = 2938 - 1354. What is the thousands digit of s?
1
Let i = 1185 - 491. What is the tens digit of i?
9
Let x be ((-1 - 1) + 1)*11/(-11). Let p(g) = 197*g - 10. What is the units digit of p(x)?
7
Suppose -2*w - 3*v = -11, 4*w + 30 = -v + 77. Let q = -8 + w. What is the units digit of q?
5
Let y = 270 + -167. What is the tens digit of y?
0
Let a(k) = 4*k**2 - 2*k + 1. Let g be a(1). Suppose -l - 5*o = -0*l, 0 = -2*o. Suppose l = 4*f - g*f + 5*j, 0 = -4*f - j + 95. What is the units digit of f?
5
Let z = 37 + -34. Let w(g) = 21*g - 10. What is the tens digit of w(z)?
5
Suppose -9 = 2*f - 15. Suppose -3*c - w = -221, -2*c - f*w + 76 + 69 = 0. What is the units digit of c?
4
Suppose 3*k = 2*l + 13762, -1381 = -k - 7*l + 3237. What is the tens digit of k?
9
Let a(q) = -33*q**2 - 6*q - 5. Let n(w) = -98*w**2 - 17*w - 14. Let s(k) = 17*a(k) - 6*n(k). What is the units digit of s(-1)?
6
Suppose -5*i + 180 = 2*y - 957, -438 = -2*i - 5*y. What is the units digit of i?
9
What is the units digit of 34840/117 - (1 + 44/(-36))?
8
Suppose 5*r = -5, 0*r + 5*r = -3*d + 52. Suppose -p - 8 = d. What is the units digit of (4/(-6))/(2/p)?
9
Suppose 0 = -4*k + 5*p + 52 + 193, -k + 75 = -4*p. Let h = 250 - k. What is the tens digit of h?
9
Let h be ((-58)/6)/(17/51). Let n = 112 + h. What is the tens digit of n?
8
Let w(n) = n**2 + 3*n - 19. Let b be w(-7). Let d(j) = -j**3 + 9*j**2 + 11*j - 25. What is the tens digit of d(b)?
7
Suppose 5*w - 120 = -45. Suppose -n = -3*s - w, 0 = n + 3*s - 7*s - 11. What is the units digit of n?
7
Suppose -866 + 278 = -3*p. Let n = p + -104. What is the units digit of n?
2
Let p(f) = f**2 - 9. Let a be p(-5). Suppose b - a = 11. What is the tens digit of b?
2
Let a(f) = f**3 + 55*f**2 - 32*f + 55. What is the units digit of a(-55)?
5
Suppose 14*y - 30668 = -30*y. What is the tens digit of y?
9
Suppose -6*b = -9*b. Suppose 2*c - 95 = v, -5*c + b*c = 3*v - 210. Let y = -11 + c. What is the units digit of y?
4
Let p(r) = -r**3 - 12*r**2 - 11*r + 2. Let q(f) = -2*f**2 - 3*f - 2. Let x be q(-3). Let j be p(x). What is the tens digit of 161/14*(0 + j)?
2
Suppose 10*w - 3435 = 475. What is the hundreds digit of w?
3
Suppose 30*i - 2*b - 1542 = 29*i, 0 = -4*i + b + 6147. What is the tens digit of i?
3
Let q = -245 + 425. What is the units digit of q?
0
Let p(x) = x**3 + 4*x**2 - 7*x - 10. Let o be p(-5). What is the hundreds digit of (-20)/(-5)*(o + -2 - -30)?
1
Suppose -5*u - y + 76 = -0*y, -4*u - 3*y = -52. Suppose 439 = 5*o - u. What is the units digit of o?
1
Suppose -41 = -5*c + 4*x, -4*c - 17 = -9*c - 2*x. Let q be c/20 + 170/(-8). Let g = q + 42. What is the tens digit of g?
2
Suppose 3*k - 23 = 175. What is the units digit of k?
6
Let s(b) = -b - 6. Let r be s(9). What is the tens digit of 14*8 + 10/(r/3)?
1
Let r be (-22 - 1)*(-6 + 7). Let j = r - -34. What is the tens digit of j?
1
Let m be (0 - 0) + 0/(-4). Suppose m = s - 0*g + 2*g - 13, -3*s + 4*g - 1 = 0. Let l = -3 + s. What is the units digit of l?
2
Suppose -75*k - 4754 = -99554. What is the thousands digit of k?
1
Let u(a) = 4*a**2 - 22*a + 241. What is the hundreds digit of u(15)?
8
Let i = 6 + 49. Suppose -4*w - w - 61 = 2*q, -34 = 2*w + 4*q. What is the tens digit of 2/w - (-2320)/i?
4
Let k(c) = -c**3 + 7*c**2 - 11*c + 14. Let o = 5 - -2. Let y be k(o). What is the units digit of y/14*(-30)/9?
5
Let l(a) = -a**2 + 42*a - 349. What is the tens digit of l(28)?
4
Suppose -3*o + 1063 + 1223 = 0. What is the units digit of o?
2
Let q = -10 - -12. Let z be (-2 - 2 - 0) + q. What is the units digit of 1 - z*3/6?
2
Let h be -3 + 5 + -3 + 3. Let l be 1/(-9)*-7 + 48/216. Suppose -y - l + 31 = h*v, 2*v = 2*y - 30. What is the units digit of y?
0
Suppose 12*v - 5540 = 2*v. What is the hundreds digit of v?
5
Let v(l) = -62*l + 3. Let c be v(-3). Suppose 0 = 8*f - 179 - c. What is the units digit of f?
6
Let l be 3/6 + (-122)/4. What is the tens digit of (-42)/5*100/l?
2
Let l(b) = -4*b**2 + 7*b + 2. Let o be l(-4). What is the units digit of ((-18)/(-27))/((-1)/o)?
0
Let y(f) = -f**3 - 2*f**2 - 3*f + 9. Let s be y(-4). What is the tens digit of s/(-4*((-3)/(-12))/(-1))?
5
Suppose -5*c = 5*q + 4 + 11, 2*c + 5 = -3*q. Let g = c + -8. What is the units digit of (-196)/g - 2/6?
6
Suppose -2*o + 6758 = 3*y, -3*y + 6770 = -116*o + 112*o. What is the units digit of y?
4
What is the hundreds digit of (-2 - -46)/(-8 - 294/(-36))?
2
Suppose 3450 = 4*l + 2. What is the units digit of l?
2
Let f be (-1)/((-2)/3 - 7/(-14)). Let k(j) = 21*j + 17. What is the units digit of k(f)?
3
Let d = 3418 + -175. What is the hundreds digit of d?
2
Let c(w) = w**3 + 9*w**2 - 8*w. Let d be c(-10). What is the tens digit of (-1648)/d - (-3)/5?
8
Suppose 0 = 2*y - 3168 + 924. What is the hundreds digit of y?
1
Suppose 7*a = 4*a - 3*t + 2391, 0 = 5*a - 3*t - 3961. What is the hundreds digit of a?
7
Suppose 11*f - 12*f + 14 = 0. Let l = 16 - f. Suppose -4*b = v - 57, -7 = -v - l. What is the units digit of b?
3
Suppose -2*o - 2 = o - 4*t, 5*o = -5*t + 20. Suppose o*x = -2*w + 8 - 22, -3*w - x = 17. Let s(p) = -4*p + 5. What is the units digit of s(w)?
5
Suppose -5*j - 12 = -4*p, 0*j = j. Suppose 2*a = p + 3, 0 = 4*q - 4*a - 436. What is the hundreds digit of q?
1
What is the thousands digit of ((-13566)/17)/(-19)*484/6?
3
Suppose -2*w + 5 = -1. Suppose -w*g - 89 = -5*q - 245, -56 = 2*q + 2*g. Let x = 75 + q. What is the units digit of x?
5
Let l be (-3)/(-18) + (543/(-18) - 0). Let w = 250 - l. What is the tens digit of w?
8
Let o = -185 - -325. Suppose -4*v - o = -380. What is the tens digit of v?
6
Let r = -1253 + 1806. Suppose 153 = -4*q + r. Suppose 3*d + d = q. What is the units digit of d?
5
Suppose 16*h - 1647 = -111. What is the tens digit of h?
9
Suppose -4*w + 108 + 336 = 2*x, -4*x + w + 861 = 0. What is the tens digit of x + (-5 + 4 - -5)?
2
Suppose -38 = -2*v - 152. Let y be (-752)/(-8) - (-4)/(-1). Let p = y + v. What is the tens digit of p?
3
Let v(m) = -18*m**2 - 54*m + 2. Let x be v(-3). Let g = 6 + 60. Suppose -x*o + 2*s + g = 0, 3*s - 43 = -o + 6*s. What is the tens digit of o?
2
Let p(m) = m**3 + 12*